= 7*a - 17*a. Suppose 12*o + 2772 = a*o. What is the tens digit of o?
3
Suppose -5*p - 237*d + 242*d = -173545, p - 4*d = 34691. What is the hundreds digit of p?
7
Suppose 0 = -12*w + 11*w + 8. Suppose -w*q + 136 = -2*c - 5*q, 3*c = 3*q - 201. Let f = c - -127. What is the tens digit of f?
6
Let s(j) = -54*j - 76. Let q be s(-7). Let n = q - 8. What is the hundreds digit of n?
2
Suppose 25*q = 20*q. Suppose 5*c + 2*i - 1298 = q, -3*i = -i + 2. What is the units digit of c?
0
Suppose 12*d = -1363 + 5335. Let p = -178 + d. Let q = p - 77. What is the tens digit of q?
7
Let d = 32177 - 7640. What is the tens digit of d?
3
Let w(y) = -19*y + 121. Let l be w(6). What is the tens digit of (6 - -1280) + l + -1?
9
Suppose -2*r - t = 163, 8*t = -2*r + 3*t - 183. Let d = r - -57. What is the tens digit of (4 + (-4 - 4))*d?
8
Suppose a + 54986 = 5*x - 35313, -36115 = -2*x + 5*a. What is the thousands digit of x?
8
Let m = 6863 + -1301. What is the units digit of m?
2
Let j be 125/50*46/5. Let s(m) = m**3 - 20*m**2 + 6*m - 66. What is the hundreds digit of s(j)?
6
Let c be 754 - ((-5)/3 + 2)*0. What is the units digit of 6*1 - c/(-29)?
2
What is the tens digit of 22862/5 + 10/(-25) - -2?
7
Suppose 4*b - 5571 = 7*d - 8*d, 4*d = -3*b + 4175. What is the units digit of b?
3
Suppose 0 = s - 238 - 58. Suppose 0 = c + 5*x - 112, -x + s = 3*c + 4*x. Suppose c - 13 = f. What is the units digit of f?
9
Suppose -3005 = -2*f + q + 861, 2*q = 3*f - 5799. What is the thousands digit of f?
1
Let i = -1671 + 7686. What is the hundreds digit of i?
0
Let g be (-66)/4*(318/(-18) - -3). What is the tens digit of g - 5/(5/5)?
3
Suppose 0 = 4*h + 4*u - 34708, -206*h = -208*h - 3*u + 17356. What is the tens digit of h?
7
Let u(r) = 2*r - 18. Let i be u(10). Let p be 2 - (-150*(3 - i) - 0). Suppose -4*l - p = -6*l. What is the tens digit of l?
7
Let n = -18321 + 28098. What is the thousands digit of n?
9
Suppose 127*d - 117*d = -40421 + 160911. What is the ten thousands digit of d?
1
What is the hundreds digit of (((-224)/21)/8)/(36/(-1435347))?
1
Let g(t) = t**2 - 7*t - 31. Let b = 71 - 61. Let x be g(b). What is the units digit of -4 - (-109 + 0)*(-2)/x?
4
Let y(z) = -z**2 - 11*z + 7. Let g be y(-6). Suppose 5*t + 3*x - x + 49 = 0, 5*t + g = 4*x. What is the units digit of (t/6)/((-21)/392)?
8
Let g be (35/(-10) + 3)*0. Suppose g = 3*m - 2*m - 120. Suppose -4*r - 2*w = 3*w - m, -5*w + 15 = r. What is the units digit of r?
5
What is the hundreds digit of (1075/(-75))/43*(0 - 4773)?
5
Suppose -k + 0*k - 354 = -2*n, 5*n - 2*k - 883 = 0. Let o = -118 + n. Suppose 5*r - 93 = o. What is the tens digit of r?
3
What is the tens digit of (-4)/(40/(-6)) + 18950350/250?
0
Let l = 91 + -87. Suppose -4*u = u - 20. Suppose -2*q + 4*q + u*v - 146 = 0, 2*v = l*q - 292. What is the units digit of q?
3
Let p(y) = 6*y**3 - 41*y**2 + 108*y - 1. What is the hundreds digit of p(14)?
9
Suppose -105*w - 801638 + 5738108 = 0. What is the tens digit of w?
1
Let d(v) = -6*v - 8. Let g be d(-4). Suppose 8*b - g - 32 = 0. Suppose 3*j + 159 = b*j. What is the tens digit of j?
5
Let i(d) = 13*d**2 - d + d**2 + d**3 + 7*d - 2 - 21*d**2. Let u be i(6). Let z = u + 32. What is the tens digit of z?
3
Suppose -7*p = -4*p - l - 1118, -750 = -2*p + 3*l. Let j = p + 471. What is the hundreds digit of j?
8
What is the tens digit of (3 - 85/10)*210288/(-24)?
9
Let i = 366 + -212. Let l(d) = d**2 + 18*d + 74. Let o be l(-12). Suppose o*j - i = 4*h - 0*h, 0 = j + 2*h - 89. What is the units digit of j?
3
Suppose 7*z - 13*z = -1770. Let f = z - 230. What is the units digit of f?
5
Let b(o) = 2*o**2 + o + 4. Let z be b(4). Let n be (2 - 1)*((-2 - 0) + z). Suppose -2 + n = c. What is the units digit of c?
6
What is the hundreds digit of (-12)/352*-11 - ((-153354)/16 - 1)?
5
What is the hundreds digit of 8/16*3*16106?
1
Let i = 3508 - -3559. What is the hundreds digit of i?
0
Let j be (-6 + 5)*0/1. Suppose -5*l + 8*l + 69 = j. Let i(y) = y**2 + 22*y - 11. What is the tens digit of i(l)?
1
Let y be ((-20)/25)/(5 - (-23262)/(-4650)). Suppose 1240 = -4*u + 364. Let z = y + u. What is the units digit of z?
1
Let n be 42/10 - (-28)/35 - -26. Suppose n*i + 115 = 1231. What is the tens digit of i?
3
Let c = -93 + 6. Let r = c - -356. What is the units digit of r?
9
What is the tens digit of 203/(-174)*(0 - 3414)?
8
Let n(d) be the second derivative of d**5/20 - 5*d**4/12 + d**3/2 + 4*d**2 + d. Let y be (75/200*(13 + -5))/(6/8). What is the units digit of n(y)?
4
Let i(t) = 223*t**3 + 42*t**2 - 139*t - 12. What is the hundreds digit of i(4)?
3
Let j(n) = -123*n - 33. Let q be j(-4). What is the tens digit of 1 + (-8)/14 + q/7?
6
Let j = 5591 - 1839. What is the thousands digit of j?
3
Let l(v) = -2 + v + 3*v**2 + 3*v**3 + 3 + 2*v**3 - v**2. What is the units digit of l(4)?
7
Suppose -10*m = -0*m. Suppose -4*q + 0*x + 4*x + 1620 = m, 4*q + 4*x - 1660 = 0. Suppose -3*v - 32 + q = 0. What is the units digit of v?
6
Let t(l) = 6*l**2 - 6*l + 5. Let r be t(1). Let k(g) = -5*g**2 - 12 - 9*g - r*g**3 - 3*g**3 + 8*g**3 + g**3. What is the tens digit of k(8)?
0
Let c(s) be the third derivative of 101*s**6/24 - s**5/20 + s**4/4 - s**3/2 - 35*s**2 - 3. What is the units digit of c(1)?
5
Let q = 742 - 494. Let h = -183 + q. What is the units digit of h?
5
Let k(q) = -q**3 + 15*q**2 + 13*q + 61. Let d be k(16). What is the tens digit of 15 - d - (-70 - -2)?
7
What is the thousands digit of (-6 - -2 - (-1015672)/98) + (-4)/(-2)?
0
Let m(s) = s**3 + 35*s**2 - 98*s - 32. What is the units digit of m(-24)?
6
Suppose 9*m + 27*m + 15*m - 3262776 = 0. What is the ten thousands digit of m?
6
Let z = 476 + 437. Let p = -8 - -17. Suppose p*m = -175 + z. What is the units digit of m?
2
Let h(v) = -2*v**2 + 10*v + 13. Let n be h(7). Let d(a) = a**3 + 14*a**2 - 14*a + 20. Let y be d(n). What is the tens digit of (-4)/10 + 667/y?
3
Let a = 246 + -242. Suppose -a*l + 3*r + 2198 = r, -1666 = -3*l + 5*r. What is the units digit of l?
7
Let a(f) = f**2 - 5 + 12 - 252*f**3 - 9. What is the hundreds digit of a(-1)?
2
Suppose 0 = 2*q + 5*d - 15 - 1, -d + 8 = -2*q. Let c(t) = -6*t - 5. Let l be c(q). What is the units digit of (16/(-6) + 1)/(l/(-105))?
5
Suppose 4*i + 3*a + 3 = 17, 2*a = 3*i - 19. Suppose -i*f = -5, -6*v + 2*v - f + 321 = 0. What is the tens digit of v?
8
Suppose -l = -4*j + 14, -9*l + 5*j - 10 = -4*l. Suppose l*d = 3*y - 3129, 0 = 4*d - 0*d. What is the units digit of y?
3
Let z(s) = 151*s - 217. Suppose 70*v + 48 = 76*v. What is the tens digit of z(v)?
9
Let c(g) = -g**2 + 5*g - 9. Let n be c(5). Let r = n + 11. Suppose -2*t + 320 = r*t. What is the units digit of t?
0
Let a = 13 - 10. Suppose k - g - 59 = 0, a*k - 155 - 30 = -5*g. What is the tens digit of k?
6
Suppose -y + 66 = 3*u, 5*y - 7*u = -3*u + 292. What is the tens digit of ((-259)/6*-1)/(10/y)?
5
Suppose 15*q + 134616 = 19*q - 4*z, 2*q + 5*z - 67322 = 0. What is the tens digit of q?
5
Let d be (-2 - 1)*(-62)/3. Suppose 756 = -44*s + 51*s. Let o = s - d. What is the tens digit of o?
4
Suppose 0 = -4*b - 4*u + 100, -4*b + 5*u = -49 - 51. Suppose 7*h - b = 12*h. Let v(o) = -15*o + 2. What is the tens digit of v(h)?
7
Let u = 18969 + -6620. What is the tens digit of u?
4
Suppose -60*h + 56*h = 2*t - 2860, 2*t = 0. What is the hundreds digit of h?
7
Let w(o) = -1006*o**3 + 4*o**2 - o - 1. Suppose 3*y = -2*p - 8, 2*p + 15 = -y + 11. What is the units digit of w(p)?
0
Let b(p) = p - 17. Let c be b(6). Let f be (-90)/(-27)*(c + -1). What is the units digit of 364/5 + (-8)/f?
3
Let a = 25 - 41. Let x = 24 - a. Suppose 5*i = -0*i + x. What is the units digit of i?
8
Let t(v) = -339*v - 13060. What is the units digit of t(-126)?
4
Suppose 2*y + 2*h = -0*h + 82, 5*y = 5*h + 195. What is the hundreds digit of (-1)/(-6)*y*111?
7
Let f(v) = -477*v**3 - 2*v**2 + 9*v + 51. What is the units digit of f(-3)?
5
Let b(c) = 7*c + 76. Let p be b(-13). What is the tens digit of 40*(9 + p/(-5))?
8
Let n = -103 + 129. Suppose 32*i = n*i + 3030. What is the tens digit of i?
0
Let k = -236 + 503. Suppose u - h = 63, -3*u - k = -7*u + h. What is the tens digit of u?
6
Suppose -3*y + 6*y = -5*d + 48066, -32042 = -2*y - 4*d. What is the tens digit of y?
2
Suppose 86*k = 88*k - 9608. Suppose k = 4*c + 2*i + 127